31
In base 9, what is 7165514 + 3?
7165517
In base 2, what is -1010011101001 - -1000110101?
-1001010110100
In base 4, what is 20130301 + 3331?
20200232
In base 10, what is -3 + 10656847?
10656844
In base 10, what is 47686 + 6947?
54633
In base 13, what is b783551 - 2?
b78354c
In base 2, what is -100111010 - -100100010110101?
100011101111011
In base 6, what is -13011 + 253351?
240340
In base 3, what is -12 + 11120102120210?
11120102120121
In base 9, what is 1 + 7863322?
7863323
In base 14, what is 13254d9 + -4?
13254d5
In base 5, what is 0 - 320114321224?
-320114321224
In base 15, what is cc + -10c9?
-eec
In base 5, what is 20323 - -2033210?
2104033
In base 2, what is 111100100000011100011101 + -100010?
111100100000011011111011
In base 3, what is -1 - 1121012102220002?
-1121012102220010
In base 14, what is -224 + 683c3?
6819d
In base 10, what is 15296855 - 7?
15296848
In base 12, what is -3 + -87a127b?
-87a1282
In base 7, what is -2060552162 + 3?
-2060552156
In base 16, what is 426ed - 10a?
425e3
In base 12, what is 16955 - 8a?
16887
In base 9, what is 2 - 30824184?
-30824182
In base 16, what is 5467 - -7fb?
5c62
In base 10, what is -121452 + -52?
-121504
In base 12, what is aaa7b2 + 0?
aaa7b2
In base 16, what is -498 - -67e8?
6350
In base 6, what is 3105102 + -5002?
3100100
In base 5, what is -1424123421 + -3?
-1424123424
In base 10, what is 60 + -309704?
-309644
In base 11, what is -3096766 + -4?
-309676a
In base 3, what is -20101220 + -110202000?
-201010220
In base 15, what is 50 + -5c861?
-5c811
In base 4, what is -302031303 + 33?
-302031210
In base 3, what is 102010012221112 - -2?
102010012221121
In base 14, what is 68 - 6c21?
-6b97
In base 7, what is -354 + 5311455?
5311101
In base 12, what is -a258533 + 6?
-a258529
In base 8, what is 627 + -114573?
-113744
In base 3, what is -2 + 1011020011221102?
1011020011221100
In base 11, what is -120 + -1996966?
-1996a86
In base 10, what is 23 + 1386680?
1386703
In base 10, what is 1 - -4597379?
4597380
In base 6, what is 124311 + -1515102?
-1350351
In base 10, what is 2661 - 85951?
-83290
In base 9, what is 5813 + -17061?
-11147
In base 4, what is 13021 - 12201022002?
-12201002321
In base 5, what is -4241 - 1314401?
-1324142
In base 5, what is -14420303001 - 4?
-14420303010
In base 15, what is 5b5d12d0 + 0?
5b5d12d0
In base 16, what is -f + -588f5?
-58904
In base 4, what is 1 - -320013021310?
320013021311
In base 16, what is 1141 - 262d?
-14ec
In base 7, what is -1622501 + -100?
-1622601
In base 9, what is 53330 - 10158?
43161
In base 9, what is -132 + 54130?
53887
In base 7, what is 3 - 112046102?
-112046066
In base 2, what is -11000001011101100011010110001 + 1?
-11000001011101100011010110000
In base 15, what is 728ec + 37?
72934
In base 10, what is 1423460 + 65?
1423525
In base 7, what is -5153 + 1061121?
1052635
In base 13, what is a66 + -4907?
-3b71
In base 4, what is -300310220 - -31303?
-300212311
In base 12, what is -5420 - a997?
-141b7
In base 11, what is -30760 + -1059?
-31809
In base 12, what is b0162 + 2a8?
b044a
In base 16, what is 1064 + e54?
1eb8
In base 9, what is 8656304 - -1?
8656305
In base 7, what is -35541 - -13264?
-22244
In base 9, what is -215018 + 7306?
-206612
In base 5, what is 21 + -112240300124?
-112240300103
In base 5, what is 122120 + 42103?
214223
In base 16, what is -14cb566a + -1?
-14cb566b
In base 8, what is 4555 + 56022?
62577
In base 16, what is 34e7 - -131?
3618
In base 4, what is 1200032 - 212333?
321033
In base 6, what is 120 - -14340545?
14341105
In base 11, what is 239276 - 187?
23909a
In base 9, what is 86804 + -332?
86462
In base 7, what is 1006313 - 21622?
654361
In base 4, what is -102312222223 + -11?
-102312222300
In base 11, what is -12930487 + 5?
-12930482
In base 6, what is 33 - 1400205125?
-1400205052
In base 3, what is 2020002 - -2221102002?
10000122011
In base 2, what is -101 + 110010100001000111111100?
110010100001000111110111
In base 3, what is -2100021012121 + -1102?
-2100021021000
In base 7, what is 2 - -13656105?
13656110
In base 16, what is -2 - -777a7?
777a5
In base 2, what is 111101001011001 + -10000001001?
111011001010000
In base 11, what is 9 + -34678?
-3466a
In base 13, what is 350 - 98ab1?
-98761
In base 9, what is 24034 + -22254?
1670
In base 11, what is 2 + -370500?
-3704a9
In base 16, what is 60 - -96653a?
96659a
In base 3, what is -102 - -1011100020102020?
1011100020101211
In base 14, what is 9195 - -2626?
b7bb
In base 14, what is 3 - d91cd?
-d91ca
In base 15, what is c73 - 181a?
-a97
In base 2, what is 110 + 11111011001101100111001?
11111011001101100111111
In base 14, what is -711b + 1d47?
-51b4
In base 4, what is -10022221320210 - 1?
-10022221320211
In base 14, what is 65 + 8243?
82a8
In base 12, what is 3323 - 1903?
1620
In base 3, what is 101000 + 11001102100120?
11001102201120
In base 16, what is 1b8a + -4e6?
16a4
In base 2, what is 110001000001 - 110001010010?
-10001
In base 9, what is 45144 + -27271?
16763
In base 8, what is 4177 - 705?
3272
In base 3, what is -2001002211 + -1010022?
-2002020010
In base 3, what is -20020202201 - 211210?
-20021121111
In base 4, what is -1103232 - 3031?
-1112323
In base 11, what is -4 + 1480186?
1480182
In base 9, what is -37547 + 7308?
-30238
In base 6, what is -301222 - 4453?
-310115
In base 13, what is -5 - -188b380?
188b378
In base 14, what is 0 - 13dd71b?
-13dd71b
In base 15, what is -8cb774 - -5?
-8cb76e
In base 12, what is -26a6 + -53119?
-55803
In base 11, what is -4 + 1203883?
120387a
In base 4, what is 121321311332 + -1?
121321311331
In base 13, what is 22 + 420991?
4209b3
In base 14, what is -11 - c3d96a?
-c3d97b
In base 9, what is 3310802 - -33?
3310835
In base 7, what is -15 - -510400521?
510400503
In base 7, what is 15065031 + 16?
15065050
In base 9, what is -152885247 - 7?
-152885255
In base 2, what is -10000010111011111100 - -1001?
-10000010111011110011
In base 8, what is -5 - -11563057?
11563052
In base 3, what is -2 - -222222022112202012?
222222022112202010
In base 8, what is -3716431200 - -5?
-3716431173
In base 5, what is 133304414 - -1431?
133311400
In base 6, what is -5 - 20415014030?
-20415014035
In base 12, what is 15a2 + 1341?
2923
In base 2, what is 10011110110010001110 - 1110011?
10011110110000011011
In base 16, what is 7684f2 - -6?
7684f8
In base 12, what is -6a6 + 2b041?
2a557
In base 16, what is 2b7 + 59b?
852
In base 13, what is -3a4685 + -c?
-3a4694
In base 4, what is -101 - 100021303200?
-100021303301
In base 13, what is -2c2766 - -36?
-2c2730
In base 3, what is -1022102202 - -2011000?
-1020021202
In base 2, what is -11 + -1001010101100110001101111101?
-1001010101100110001110000000
In base 14, what is 80 + 18470b?
18478b
In base 16, what is 2a1 + -214a1?
-21200
In base 9, what is 5836678 + -1?
5836677
In base 6, what is 3012454503 + 45?
3012454552
In base 11, what is -3644a8 - 10?
-364508
In base 3, what is 211121000121110 - 112?
211121000120221
In base 13, what is 1077b + 4611?
1508c
In base 13, what is 0 - a261b97?
-a261b97
In base 8, what is -1074 - -36656?
35562
In base 12, what is -5900 - 4110a?
-46a0a
In base 3, what is -11 - -211020211112?
211020211101
In base 14, what is 1dbabb4 + -4?
1dbabb0
In base 11, what is 24959363 + -7?
24959357
In base 13, what is -1260b - 3ba1?
-164ac
In base 7, what is -161 + 130614?
130423
In base 2, what is 100000110010101111111001000 - 100?
100000110010101111111000100
In base 10, what is 3 - -10989661?
10989664
In base 15, what is -c1b + -1434?
-2150
In base 12, what is -24 - -757014?
756bb0
In base 2, what is 100 + 101101001011001000110?
101101001011001001010
In base 13, what is 2c41 + 518?
3459
In base 8, what is -4 + -33135251?
-33135255
In base 12, what is -28b20536 + -3?
-28b20539
In base 11, what is -8 + -2482844?
-2482851
In base 11, what is 2900 + 319?
3119
In base 12, what is 11aa2a5 + 0?
11aa2a5
In base 8, what is 40527 - -30?
40557
In base 16, what is 8f - 4ca8e?
-4c9ff
In base 12, what is -691a4b22 - -1?
-691a4b21
In base 5, what is 3331433422 - -10?
3331433432
In base 3, what is -1011222 - -112102011?
111020012
In base 15, what is -2cb47d0 - 2?
-2cb47d2
In base 15, what is -3234538 + 8?
-3234530
In base 13, what is -2505966a + 1?
-25059669
In base 5, what is -200014011 + 1042?
-200012414
In base 6, what is